43
In base 3, what is 11 + 211122000001?
211122000012
In base 9, what is 1 - 478504380?
-478504378
In base 3, what is -1022000211221010 + 2?
-1022000211221001
In base 3, what is -2201102020 - 202221?
-2202012011
In base 10, what is -117305 - 532?
-117837
In base 4, what is 1111 - 13123323?
-13122212
In base 8, what is 373663221 + 0?
373663221
In base 4, what is -3022002310010 + 2?
-3022002310002
In base 6, what is -144100 - 14452?
-202552
In base 12, what is 4 + 339ab668?
339ab670
In base 7, what is -1026553 + 1131?
-1025422
In base 6, what is 250251 - -25?
250320
In base 12, what is 27369bb + -4?
27369b7
In base 16, what is 3e1 + 11?
3f2
In base 12, what is 1 - 2534104?
-2534103
In base 15, what is 89 + -11704?
-1166a
In base 11, what is 357 + -498?
-141
In base 13, what is -89ca - 310?
-900a
In base 8, what is -36224645 + -55?
-36224722
In base 12, what is -5147 + -5b7?
-5742
In base 7, what is 16464 - -131511?
151305
In base 10, what is -136 + -21291?
-21427
In base 9, what is -5 + 2245213?
2245207
In base 6, what is 3 + 10213220355?
10213220402
In base 2, what is -111010100001001010100100 + 100?
-111010100001001010100000
In base 10, what is -448410 - 76?
-448486
In base 7, what is 151343355 - -4?
151343362
In base 13, what is -8674b881 - -2?
-8674b87c
In base 9, what is -4 + 35875348?
35875344
In base 14, what is -64 - 29802?
-29866
In base 10, what is 2134 + 50178?
52312
In base 2, what is -100 - 110101011100010010010101101?
-110101011100010010010110001
In base 15, what is 3633 - -3787?
6dba
In base 7, what is 4 - -133014056?
133014063
In base 4, what is -20122313 + -312?
-20123231
In base 15, what is -12b + 644?
518
In base 8, what is -354604 + 260?
-354324
In base 16, what is -22f - -1fc8?
1d99
In base 13, what is 0 - -c62259?
c62259
In base 2, what is 110011011110111110001110001 - 10?
110011011110111110001101111
In base 6, what is -3113 - 143410?
-150523
In base 8, what is -42 - -344764?
344722
In base 9, what is -150132 - -67?
-150054
In base 14, what is -3 - -d214318?
d214315
In base 3, what is 1 - 1202221122202021?
-1202221122202020
In base 14, what is -268 + -41c99?
-42123
In base 15, what is 1a + -ca159?
-ca13e
In base 9, what is -7886602 - 52?
-7886654
In base 11, what is -172951 + 67?
-172895
In base 3, what is 12212 - -201212101001?
201212120220
In base 2, what is 10010011 + 10011001001000000?
10011001011010011
In base 11, what is -aa22 + 498?
-a535
In base 2, what is 1101100011100010100100 - 110?
1101100011100010011110
In base 4, what is -12132011 + -123?
-12132200
In base 11, what is -a655 + 8419?
-2237
In base 3, what is 21210102 + 112002002?
210212111
In base 14, what is -7871 - -2343?
-552c
In base 8, what is -21321506 - -2?
-21321504
In base 4, what is 111322003202 - -10?
111322003212
In base 4, what is -12222122120 - 10?
-12222122130
In base 14, what is 62 - -79b2a7?
79b329
In base 14, what is -27 + -9ccbbd?
-9ccc06
In base 7, what is 40631416 - -4?
40631423
In base 10, what is -311 + -33769?
-34080
In base 7, what is 5633002010 + 4?
5633002014
In base 3, what is -100100021 - -1200212021?
1100112000
In base 5, what is -1020 - -14110334?
14104314
In base 8, what is -4 + 1557426066?
1557426062
In base 7, what is 254 + 5225144?
5225431
In base 12, what is 3a - b3281?
-b3243
In base 7, what is 61 + 44460001?
44460062
In base 3, what is 10110201000221021111 - -1?
10110201000221021112
In base 4, what is -121000121113 - 10110?
-121000131223
In base 10, what is -145 + 9949?
9804
In base 2, what is 110 - -100100011100010001111100?
100100011100010010000010
In base 7, what is 116 - 150642533?
-150642414
In base 4, what is -21023302201302 - 13?
-21023302201321
In base 13, what is -3 + c43614b?
c436148
In base 5, what is -131413 - 20401?
-202314
In base 8, what is -1717467 - -55?
-1717412
In base 9, what is 5611 + -26385?
-20674
In base 12, what is 15 + 2358957?
2358970
In base 6, what is 2053 - -3445034?
3451131
In base 13, what is -71 - -16024b4?
1602443
In base 14, what is 37bcd8d + 1c?
37bcdab
In base 7, what is 20532 - 4610?
12622
In base 11, what is -22197 + -40?
-22227
In base 7, what is 5020 + -230126?
-222106
In base 13, what is -118 + -376c77?
-377092
In base 11, what is 5222 - 2660?
2672
In base 16, what is -80e07c + 38?
-80e044
In base 4, what is 13233213230130 - -2?
13233213230132
In base 9, what is 13318 - -7656?
22075
In base 5, what is -3031 - -1440023?
1431442
In base 3, what is -12101020002212000121 + 1?
-12101020002212000120
In base 4, what is -31131210 + -1123?
-31132333
In base 8, what is 721 + 12600?
13521
In base 10, what is -15 + 299320?
299305
In base 5, what is -330331222 + 1?
-330331221
In base 10, what is 84 - -149162?
149246
In base 8, what is 315 + -256043?
-255526
In base 3, what is 10200011022222 - -10110?
10200011110102
In base 15, what is 15a17d - 6?
15a177
In base 15, what is 2 + -4e229e?
-4e229c
In base 15, what is -45b34 + 977?
-451ac
In base 4, what is 11 - -1020323311333?
1020323312010
In base 9, what is -1625 - -87254?
85528
In base 9, what is -1226 + -6622?
-7848
In base 12, what is -164 - 13029?
-13191
In base 3, what is -1102000102012 + 0?
-1102000102012
In base 4, what is -20012022023 - 2?
-20012022031
In base 12, what is -6615b - -303?
-65a58
In base 5, what is 3330430404312 - -10?
3330430404322
In base 14, what is db05 + -112?
d9d3
In base 5, what is 130140100000 - 0?
130140100000
In base 14, what is 93ba060 - 3?
93ba05b
In base 2, what is 1011111100011110100 + 11110100000?
1100000000010010100
In base 6, what is 2 - 1103422430?
-1103422424
In base 2, what is -1011110011011011010010011001 - 11?
-1011110011011011010010011100
In base 8, what is -461330160 + 5?
-461330153
In base 11, what is -135611 + -1a?
-135630
In base 5, what is 1212414233 + 14?
1212414302
In base 8, what is 3 - -2022273427?
2022273432
In base 13, what is 107577b - 4?
1075777
In base 5, what is 32 - 210420401?
-210420314
In base 10, what is -37 + 1312115?
1312078
In base 13, what is -4c06 - -10c8?
-3b0b
In base 3, what is -10210202110201 + 1?
-10210202110200
In base 12, what is -15340 - 0?
-15340
In base 3, what is -111001 + -110022102?
-110210110
In base 15, what is d4 + 9898c?
98a71
In base 7, what is 56 - 2235304?
-2235215
In base 5, what is -21340434121 - -1?
-21340434120
In base 15, what is -257c - -bc02?
9675
In base 3, what is 121202021212001 - 1100?
121202021210201
In base 8, what is 32561 + -210?
32351
In base 14, what is 34895a - -5?
348961
In base 3, what is 100010 - -10112201022?
10120001102
In base 3, what is -2 - -1002122212211122?
1002122212211120
In base 10, what is 12978388 + 42?
12978430
In base 15, what is e4 - -7dab0?
7dba4
In base 3, what is 1001110010 - 11110220?
212222020
In base 4, what is 1 - 10123100300100?
-10123100300033
In base 12, what is -1243b7 - -36?
-124381
In base 10, what is -1704 + -236530?
-238234
In base 5, what is -3 + 204400114?
204400111
In base 7, what is -46652 + 2465?
-44154
In base 7, what is -320 - 1131054?
-1131404
In base 15, what is 3181d + 18?
31836
In base 13, what is 400736 + 2?
400738
In base 14, what is -1bb7d4 + -51?
-1bb845
In base 8, what is -2046 - -40125?
36057
In base 14, what is -42075 + 220?
-41c55
In base 5, what is -1102122 - 212241?
-1314413
In base 9, what is 1 - 130882537?
-130882536
In base 7, what is -1441243 + 354?
-1440556
In base 13, what is 82b65 - 157?
82a0b
In base 12, what is 3 - -6983b99?
6983ba0
In base 16, what is -4 - 250dbf?
-250dc3
In base 5, what is 4334420332 - 0?
4334420332
In base 7, what is -206615 + -51251?
-261166
In base 10, what is 791 - -16988?
17779
In base 9, what is 1585731 - -1370?
1587211
In base 16, what is -1902c - 9?
-19035
In base 9, what is 1283767 + -32?
1283735
In base 15, what is 5 - -7623e39?
7623e3e
In base 2, what is 10010110000001 + -11101001010111?
-1010011010110
In base 6, what is -23331252 - -51?
-23331201
In base 10, what is 55 - 579263?
-579208
In base 12, what is 62 - 596b406?
-596b364
In base 4, what is 13320201 + 1110?
13321311
In base 11, what is -a0530064 + 7?
-a0530058
In base 12, what is 299b0 - -83?
29a73
In base 12, what is -961a + -149a?
-aab8
In base 2, what is -100010100011011100001010 - 11?
-100010100011011100001101
In base 13, what is 14b34a - -2?
14b34c
In base 5, what is 124 - -110402223?